36?
4
What is the thousands digit of 5228?
5
What is the units digit of 328?
8
What is the thousands digit of 5052?
5
What is the units digit of 923?
3
What is the tens digit of 8715?
1
What is the tens digit of 645?
4
What is the thousands digit of 1398?
1
What is the tens digit of 105337?
3
What is the hundreds digit of 194?
1
What is the hundreds digit of 848?
8
What is the hundreds digit of 22455?
4
What is the hundreds digit of 2565?
5
What is the hundreds digit of 26733?
7
What is the ten thousands digit of 97775?
9
What is the hundreds digit of 1467?
4
What is the units digit of 331?
1
What is the thousands digit of 6360?
6
What is the thousands digit of 38282?
8
What is the hundreds digit of 8275?
2
What is the tens digit of 1614?
1
What is the thousands digit of 13883?
3
What is the hundreds digit of 73291?
2
What is the thousands digit of 4979?
4
What is the units digit of 1952?
2
What is the thousands digit of 1992?
1
What is the units digit of 201295?
5
What is the ten thousands digit of 108960?
0
What is the tens digit of 1960?
6
What is the hundreds digit of 1734?
7
What is the thousands digit of 2537?
2
What is the hundreds digit of 161?
1
What is the thousands digit of 1466?
1
What is the hundreds digit of 19603?
6
What is the units digit of 1266?
6
What is the tens digit of 7604?
0
What is the tens digit of 5391?
9
What is the units digit of 145?
5
What is the units digit of 515?
5
What is the tens digit of 800?
0
What is the tens digit of 5725?
2
What is the hundreds digit of 285?
2
What is the units digit of 522?
2
What is the hundreds digit of 890?
8
What is the hundreds digit of 1041?
0
What is the tens digit of 126765?
6
What is the tens digit of 38170?
7
What is the thousands digit of 5580?
5
What is the hundreds digit of 1315?
3
What is the hundreds digit of 8631?
6
What is the hundreds digit of 4927?
9
What is the units digit of 159170?
0
What is the tens digit of 53524?
2
What is the thousands digit of 3254?
3
What is the ten thousands digit of 24971?
2
What is the thousands digit of 9938?
9
What is the tens digit of 9497?
9
What is the thousands digit of 11626?
1
What is the thousands digit of 34075?
4
What is the hundreds digit of 253?
2
What is the units digit of 516?
6
What is the ten thousands digit of 42861?
4
What is the units digit of 815?
5
What is the hundreds digit of 5900?
9
What is the thousands digit of 32967?
2
What is the hundreds digit of 6537?
5
What is the units digit of 11582?
2
What is the tens digit of 7178?
7
What is the tens digit of 4666?
6
What is the tens digit of 169168?
6
What is the ten thousands digit of 24199?
2
What is the thousands digit of 89945?
9
What is the units digit of 1043?
3
What is the units digit of 579?
9
What is the units digit of 40063?
3
What is the units digit of 14224?
4
What is the hundreds digit of 186?
1
What is the thousands digit of 48351?
8
What is the tens digit of 34674?
7
What is the hundreds digit of 1369?
3
What is the tens digit of 1902?
0
What is the tens digit of 65938?
3
What is the units digit of 98652?
2
What is the ten thousands digit of 37298?
3
What is the hundreds digit of 3013?
0
What is the hundreds digit of 5121?
1
What is the hundreds digit of 55207?
2
What is the hundreds digit of 609?
6
What is the tens digit of 9347?
4
What is the tens digit of 3430?
3
What is the thousands digit of 26846?
6
What is the thousands digit of 1440?
1
What is the tens digit of 25115?
1
What is the hundreds digit of 30728?
7
What is the units digit of 7458?
8
What is the units digit of 19678?
8
What is the units digit of 2186?
6
What is the tens digit of 153886?
8
What is the tens digit of 24?
2
What is the tens digit of 8102?
0
What is the hundreds digit of 3270?
2
What is the tens digit of 136146?
4
What is the thousands digit of 5860?
5
What is the hundreds digit of 1957?
9
What is the thousands digit of 2184?
2
What is the tens digit of 754?
5
What is the hundreds digit of 5925?
9
What is the units digit of 115946?
6
What is the thousands digit of 15505?
5
What is the units digit of 4373?
3
What is the units digit of 21425?
5
What is the hundreds digit of 435?
4
What is the units digit of 3189?
9
What is the hundreds digit of 386?
3
What is the tens digit of 963?
6
What is the units digit of 772?
2
What is the units digit of 1749?
9
What is the ten thousands digit of 22978?
2
What is the units digit of 16039?
9
What is the tens digit of 710?
1
What is the thousands digit of 53727?
3
What is the units digit of 94409?
9
What is the hundreds digit of 1593?
5
What is the units digit of 1234?
4
What is the hundreds digit of 5312?
3
What is the tens digit of 421?
2
What is the hundreds digit of 7514?
5
What is the hundreds digit of 2673?
6
What is the thousands digit of 13228?
3
What is the tens digit of 1784?
8
What is the thousands digit of 2185?
2
What is the ten thousands digit of 94389?
9
What is the hundreds digit of 35012?
0
What is the tens digit of 244?
4
What is the tens digit of 50642?
4
What is the thousands digit of 9658?
9
What is the units digit of 1922?
2
What is the units digit of 1123?
3
What is the ten thousands digit of 14524?
1
What is the ten thousands digit of 176333?
7
What is the hundreds digit of 20926?
9
What is the tens digit of 163?
6
What is the hundreds digit of 6186?
1
What is the tens digit of 5588?
8
What is the thousands digit of 2187?
2
What is the units digit of 611?
1
What is the units digit of 393?
3
What is the tens digit of 5386?
8
What is the hundreds digit of 560?
5
What is the units digit of 40366?
6
What is the units digit of 23?
3
What is the hundreds digit of 724?
7
What is the units digit of 1055?
5
What is the thousands digit of 3582?
3
What is the units digit of 3499?
9
What is the tens digit of 126200?
0
What is the units digit of 7095?
5
What is the units digit of 5513?
3
What is the thousands digit of 47958?
7
What is the thousands digit of 1063?
1
What is the hundreds digit of 76621?
6
What is the tens digit of 4714?
1
What is the tens digit of 122007?
0
What is the tens digit of 32308?
0
What is the tens digit of 539?
3
What is the ten thousands digit of 19491?
1
What is the thousands digit of 25716?
5
What is the hundreds digit of 12817?
8
What is the tens digit of 1220?
2
What is the thousands digit of 17623?
7
What is the ten thousands digit of 21523?
2
What is the hundreds digit of 14750?
7
What is the ten thousands digit of 41148?
4
What is the units digit of 4078?
8
What is the ten thousands digit of 71562?
7
What is the tens digit of 727?
2
What is the hundreds digit of 3638?
6
What is the ten thousands digit of 85864?
8
What is the hundreds digit of 38163?
1
What is the thousands digit of 13042?
3
What is the units digit of 1607?
7
What is the units digit of 49027?
7
What is the hundreds digit of 1932?
9
What is the thousands digit of 17270?
7
What is the tens digit of 18590?
9
What is the ten thousands digit of 21712?
2
What is the units digit of 16584?
4
What is the ten thousands digit of 64283?
6
What is the units digit of 679?
9
What is the thousands digit of 5142?
5
What is the units digit of 3869?
9
What is the tens digit of 10?
1
What is the thousands digit of 40591?
0
What is the tens digit of 174?
7
What is the units digit of 111501?
1
What is the tens digit of 4152?
5
What is the hundreds digit of 6541?
5
What is the units digit of 647?
7
What is the tens digit of 926?
2
What is the units digit of 622?
2
What is the thousands digit of 147201?
7
What is the units digit of 240?
0
What is the units digit of 615?
5
What is the hundreds digit of 587?
5
What is the hundreds digit of 214?
2
What is the hundreds digit of 5336?
3
What is the tens digit of 3469?
6
What is the units digit of 116?
6
What is the hundreds digit of 10628?
6
What is the tens digit of 1959?
5
What is the thousands digit of 3213?
3
What is the hundreds digit of 107856?
8
What is the thousands digit of 84832?
4
What is the thousands digit of 1806?
1
What is the tens digit of 4134?
3
What is the hundreds digit of 597?
5
What is the hundreds digit of 14995?
9
What is the units digit of 1748?
8
What is the hundreds digit of 6729?
7
What is the units digit of 10471?
1
What is the hundreds digit of 7585?
5
What is the ten thousa